- -15) - -1?
-12
What is the value of -9 + (5 - (3 - (-6 + 5) - -2))?
-10
Calculate -26 - -61 - (-13 + 49).
-1
Evaluate 7 + (-12 - -11) - (-1 + 6).
1
1 - -13 - (-19 - ((17 - -10) + -46))
14
What is the value of (-34 - 15 - -31) + -10?
-28
What is (2 - -20) + 3 + (5 + -17 - -1)?
14
Evaluate -1 + -9 + -4 + 5 + 16.
7
Evaluate (2 - 36) + (-227 - -237).
-24
Calculate (11 - (-10 - -19)) + 8 - (4 + -2).
8
-3 - -4 - (-4 - (5 - 7)) - 6
-3
6 + (8 - -8) + -29 - -3
-4
-4 + -22 + 11 - -9
-6
What is the value of (98 - 110) + (3 - 2)?
-11
Calculate (-1 - 9) + (2 + 15 + -3 - 13).
-9
-1 + 3 - (-1 + -2 - (1 - -3))
9
Calculate -10 + (6 - 5) + 6 - (-9 - -7).
-1
Evaluate -8 - (20 + 3 + 11 + -29).
-13
What is (-3 - 10) + (114 - 95)?
6
Evaluate 98 + -41 + -61 - (-1 + 1 - 16).
12
What is 21 - (-4 + -5 + (-8 + 7 - -16))?
15
(108 - 107) + -2 + 2 + 4
5
What is the value of 6 + (6 - (17 + -5)) - 1?
-1
What is (-1 - 2) + (-22 - -53) + -47?
-19
Calculate 16 + 2 - (137 - 139).
20
Calculate -4 + (-13 - -26) - 1.
8
Calculate -27 + 24 + 0 + -2 + (4 - -1).
0
What is the value of -3 - ((9 - -6) + -16)?
-2
What is -1 + -19 - (6 - (3 - -1) - 4)?
-18
What is the value of -2 + -39 + 18 + 15 + -22?
-30
Calculate 0 - (-3 + 7 + 3 + -3 + -5).
1
6 - 2 - (-6 + -6 - -3)
13
What is (31 - 44) + (-2 - (23 + -9))?
-29
Calculate (7 - 0 - (-5 - -12)) + -6 + 4.
-2
Evaluate -13 + 22 - (13 + 5).
-9
Evaluate 5 + -4 + -23 + 14.
-8
-5 + -15 + 7 + 13
0
Evaluate -2 - (-6 + (-18 - 1)).
23
(-1 + -1 - -2) + (0 - -4) + 3
7
What is 2 + (-4 - 2 - -3)?
-1
(31 - (44 - 21)) + -2 + 2
8
-19 + 46 + -24 + 20
23
What is the value of 11 - (-51 + -2 + 40)?
24
Calculate -7 + (-4 + 3 - -3 - 1) - 4.
-10
What is -22 + 10 + 15 + 13 - 3?
13
Evaluate -1 + 8 + (-23 - (22 + -1 - 31)).
-6
(27 - 7) + -6 + (-25 - -2)
-9
46 + -30 + (-1 - 4) + 2 + 3
16
What is 54 - 53 - (-1 - (-3 - (1 + 3)))?
-5
Calculate (0 - 19) + (-25 + 44 - 10).
-10
Evaluate -7 - -3 - (-16 + -1 - (250 - 278)).
-15
15 + (17 - (7 - -10)) - 1
14
What is the value of -7 + 7 + (-3 + (7 - -1) - -5)?
10
What is 55 + -14 + -1 + -13 - 3?
24
Evaluate (0 + -5 - -1) + 992 + -997.
-9
Calculate (8 - 13) + (5 - -10 - 6) + -7.
-3
Evaluate -4 + 2 + 9 - 0 - (21 - -4).
-18
Calculate 2 - (4 + (4 - -12)) - -8.
-10
What is the value of 0 + -1 + -5 - (19 + -5 - 22)?
2
What is the value of 9 - (7 + 5 + -12)?
9
What is (-16 - (11 - 5 - 12)) + 24?
14
What is the value of -7 + (-8 - -13) - 3 - (2 - 11)?
4
What is 13 + 4 + -11 + (-2 - -4)?
8
What is -5 - (-2 - (11 + 20 + (-6 - 1)))?
21
What is the value of -4 + 31 + -148 + 118?
-3
What is -10 + -5 - (1 + -11 - -10)?
-15
What is the value of (-53 - -30) + -12 + 36 - (-12 + -1)?
14
What is 335 - 338 - (-5 - 1)?
3
What is the value of -30 + 14 + -3 - -48?
29
(-28 - -44) + -35 + 29
10
What is the value of (8 - 5) + 23 + 7?
33
8 - ((12 - 4) + -8) - 16
-8
What is the value of -2 + -2 + 2 - (-5 + (5 - -3))?
-5
What is the value of (-7 - (47 + -38)) + (-1 - -16)?
-1
Calculate 102 + -105 + 2 + -2.
-3
Calculate 10 + -13 + 0 + (12 - -1) + 1.
11
Evaluate -23 + 17 + (9 - 11 - 4) + 26.
14
What is the value of (-1 - -7) + (58 - (42 - -12))?
10
8 - (7 - -2) - (25 - -6)
-32
What is the value of (-2 - -1) + (-60 - (36 - 80))?
-17
Evaluate 1 - (5 - 3) - (-9 + -14 + 18).
4
What is -3 - ((-33 - -37) + (-2 - (1 + 2)))?
-2
Evaluate (-111 - -63) + -4 + 30.
-22
What is (34 + -29 - (-3 + 2 + 2)) + 5?
9
Evaluate -7 - -1 - (174 + -174) - 6.
-12
What is (-10 - -18) + (-24 - -1) + -2 + 0?
-17
Calculate 5 + -18 + -5 + (52 - 9).
25
What is -1 + 4 + (16 + -6 - -3) + -10?
6
Calculate -28 - (4 - (2 - 4) - -5) - -11.
-28
5 + (-14 - -13) - 12 - (3 - -4)
-15
Calculate 0 - 3 - ((-14 - -2) + 2).
7
Calculate (5 - 4) + 6 + 1 + (-104 - -86).
-10
What is 3 - (4 + -17 + 9 + 0 + 1)?
6
-2 - ((-1 - 12) + -18 + 22 + -1)
8
-16 + (47 - (-8 + 26 + 2))
11
What is the value of -14 - 1 - ((-9 - 0) + -1)?
-5
-3 - (-9 - 3) - (2 - 0)
7
Calculate (-1 - 20) + -219 + 254.
14
Calculate (10 - (2 + 9) - 4) + (2 - -17).
14
3 + -2 + (-10 - (11 + (-5 - -14)))
-29
What is the value of 12 + 4 + (447 - 447)?
16
Calculate -90 + 87 + (1 - 25) - (-9 + 5).
-23
What is (9 - -3 - 18) + 3 + -4?
-7
What is the value of 18 + -7 - 3 - (-20 + 11)?
17
What is -58 - -64 - (-4 + 2)?
8
Evaluate -5 + -5 + (0 - -2 - (66 - 58)).
-16
What is 43 - (-16 - -56) - (-20 - -2)?
21
8 + 29 + -36 + -10
-9
-6 - (-12 + -1 - -12)
-5
What is the value of 2 + 7 + 5 - 35?
-21
4 + -8 + (21 + 3 - (1 + 6))
13
4 + -15 + 23 + -16
-4
12 + (-3 - (-10 - -10)) + 4
13
Evaluate -36 - (-10 + (-44 - -28)).
-10
Calculate (-2 - ((6 - -1) + -60 + 35)) + 0.
16
-20 - -34 - (-4 + 8 + -1)
11
What is the value of -10 + (7 - 10 - -9) + -10?
-14
What is the value of -8 + -15 + (3 - 14) + 6?
-28
What is the value of 4 + 4 + 10 + -14?
4
What is -27 + -6 + 2 - -7?
-24
What is the value of (-9 - (1 - 2 - 0)) + 6?
-2
Calculate -13 - ((16 - 18 - (4 + 2)) + 8).
-13
What is the value of (2 - (4 + -2)) + 4 + (-6 - -3)?
1
(69 - -34 - 106) + (-26 - -1) + -1
-29
What is 7 + (-2 - -1) - (21 - 18 - 4)?
7
Calculate (1 - 8 - (13 - 5) - -7) + -5.
-13
What is the value of -3 + 16 + (29 - 15) - 7?
20
-8 - (0 - (1 - 0)) - (-1122 - -1125)
-10
Evaluate (-1 + 0 - -7) + (87 - 79).
14
Calculate 0 + 8 + 0 + -3 + 7.
12
Evaluate 4 + (2 - 0) + -64 + 58.
0
Evaluate (4 - -1) + 3 - (6 - 2 - 6).
10
What is the value of -106 - -119 - (34 + 4)?
-25
What is the value of 7 + (3 - 5 - (-29 - -45))?
-11
(49 + -21 - 16) + -18
-6
What is the value of (-70 - -74) + 5 + 1 + 20 - 9?
21
Calculate 21 - -6 - 12 - 0.
15
Evaluate 0 + -4 + 1 + (-4 - -4) + -9.
-12
-27 + 31 + (-5 - (10 + 5))
-16
What is (4 - (3 + (-15 - -7))) + 1?
10
(-31 - -26) + 1 + -8
-12
(5 + -12 - -9 - (-7 + 7)) + 0
2
Evaluate (10 - -14) + -11 + -19.
-6
(-6 + 9 - (6 - 0)) + 6
3
Evaluate 1 + -11 + (-3 - -8 - (11 + -13)).
-3
Calculate -17 - (-20 + -2) - (0 - -2).
3
Calculate 10 + 5 + -3 - (-16 + 12).
16
What is the value of (-24 + 0 - (21 - (25 - -6))) + -6?
-20
(11 - (5 + 26 + -2)) + -9
-27
What is the value of 6 + 0 + (-34 + 31 - 2) + 21?
22
1 + 2 - (14 - (-12 - -17))
-6
-7 - (37 - 35 - (0 - 3)) - -7
-5
Evaluate -64 - -105 - 59 - (-35 - -2).
15
What is (-12 + 5 - -5) + -19 + (-4 - 0)?
-25
-3 + (-4 - (-8 - 9)) - 29
-19
Evaluate -11 + (12 - 6) + 4 + 0.
-1
Calculate 9 + 21 + -6 + 5 + -11.
18
Evaluate 28 - (26 - (57 + -33)).
26
-34 + (1 - 22) + 44
-11
(6 - ((-4 - (-5 + -9)) + 3)) + 6
-1
What is the value of 16 - (-1 - -1) - 9 - (-9 - -2)?
14
(0 - 0) + (19 - 63 - -34)
-10
What is the value of 2 - 5 - -4 - (10 - (0 + -7))?
-16
What is (20 - (33 + -10)) + (-2 - -4 - -1)?
0
Evaluate -10 + (-5 - -3 - -5) + 17.
10
(3 - 0 - (6 + (8 - 17))) + 3
9
What is 9 - (36 - (-7 - (0 + -2 + -4)))?
-28
Evaluate 15 - (-1 + -2 - (155 - 163)).
10
Evaluate -9 + (-15 - (-8 + 10 + -12)).
-14
What is -3 - (6 - (-7 + (-7 - 10)))?
-33
Evaluate 0 - 1 - (16 - (24 - 17)).
-10
(5 - 3 - -9) + -15 + 0 + 30
26
(1 - -3) + 39 + -25 - 14
4
What is the value of -44 + (51 - (-5 + 29))?
-17
Calculate 0 - -40 - (1180 - 1173).
33
Evaluate -2 + 5 - ((3 - (23 + 3)) + 9).
17
Calculate 6 + -6 + -5 + 3 + 1 + 7.
6
What is 4 - ((-6 - -3) + 1) - (24 - 10)?
-8
What is the value of 10 + (2 + -1 - ((-22 - 3) + 33))?
3
Evaluate 6 + 4 + (-5 - (1 - -6)) - -24.
22
Evaluate -71 + 61 + (7 - 5 - -25) + -1.
16
What is the value of -65 + (10 + -17 - -44)?
-28
Calculate 11 - (-7 + 19) - (-2 - 4).
5
13 + (-3 - -7) - (-22 + 26)
13
What is the value of -19 + -19 + 25 + 10?
-3
24 - (43 + (24 - 43))
0
11 - (16 + 3 + -26 + 1 + -5)
22
25 + -16 + -7 + (1 - -3) - 1
5
Evaluate -30 - -28 - -35 - 0.
33
What is -2 - -5 - (2 + 2) - (3 + 3)?
-7
What is (17 - (-34 - -59)) + 19?
11
Evaluate 9 + (-29 - (21 - 19)).
-22
Calculate 29 + 2 - (-13 + 7 - -15).
22
Evaluate 16 - (1 + 5 + (6 - 7)).
11
(14 + -7 - -14) + -29 + 20
12
What is 12 - (-14 + 14 + 6)?
6
What is -12 + 7 + 44 + -20?
19
-31 + -12 + 28 + -3
-18
What is 3 + (-1 - -10) + -8?
4
(-27 - -36) + 4 + (-24 - -5)
-6
What is the value of (6 - 20 - 4) + 11 + -3?
-10
What is the value of (20 - 1) + (-24 - -10)?
5
Calculate -7 - (-14 - (-25 + 11)).
-7
Calculate (5 - (-7 + (3 - -4))) + 3 + -7.
1
What is 46 + -6 + -36 - 11?
-7
Calculate -25 + 8 + 22 + -1.
4
What is -12 + (-8 - -14) + 21?
15
What is the value of (5 - 19) + 19 - (0 - 0 - -9)?
-4
Evaluate 10 - (7 - (5 + -8 - -13)).